{"id":87,"date":"2018-03-04T19:59:29","date_gmt":"2018-03-04T19:59:29","guid":{"rendered":"http:\/\/www.ans-music.de\/?page_id=87"},"modified":"2018-04-07T05:16:24","modified_gmt":"2018-04-07T05:16:24","slug":"ans-preamp-unbalanced","status":"publish","type":"page","link":"https:\/\/www.ans-music.de\/index.php\/ans-preamp-unbalanced\/","title":{"rendered":"ANS-preamp unbalanced"},"content":{"rendered":"<div class=\"entry-content\">\n<h3>Acitve Pickups mit asymmetrischem Eingang<\/h3>\n<h5>ANS-Phantombox<\/h5>\n<p style=\"text-align: justify;\"><img decoding=\"async\" loading=\"lazy\" class=\"alignleft wp-image-1453 zoooom\" src=\"https:\/\/www.ans-music.de\/wp-content\/uploads\/2018\/03\/preampgrau17-231x300.jpg\" alt=\"\" width=\"130\" height=\"169\" srcset=\"https:\/\/www.ans-music.de\/wp-content\/uploads\/2018\/03\/preampgrau17-231x300.jpg 231w, https:\/\/www.ans-music.de\/wp-content\/uploads\/2018\/03\/preampgrau17.jpg 453w\" sizes=\"(max-width: 130px) 100vw, 130px\" \/><\/p>\n<p style=\"text-align: justify;\">Die ANS-Phantombox liefert die Spannung f\u00fcr aktive Pickups, die die Phantomspeisung auf dem Ring eines Stereoklinkensteckers erwarten wie z.B. alle aktiven ANS-Pickup&#8217;s. Sie erm\u00f6glicht den Anschluss aktiver Pickup&#8217;s an jeden Verst\u00e4rker unterschiedlichster Hersteller. <a href=\"https:\/\/www.ans-music.de\/index.php\/ans-phantombox-acive-pickups\/\">weiterlesen<\/a>&#8230;.<\/p>\n<\/div>\n<p>&nbsp;<\/p>\n<p>&nbsp;<\/p>\n<div class=\"entry-content\">\n<hr \/>\n<h3>Passive Piezo-Pickups<\/h3>\n<h5>ANS-Preamp ONE \/ TWO\u00a0 &amp;\u00a0\u00a0 ANS-Preamp Double<\/h5>\n<p style=\"text-align: justify;\"><img decoding=\"async\" loading=\"lazy\" class=\"alignleft wp-image-1445 zoooom\" src=\"https:\/\/www.ans-music.de\/wp-content\/uploads\/2018\/03\/preampgrau16-215x300.jpg\" alt=\"\" width=\"130\" height=\"182\" srcset=\"https:\/\/www.ans-music.de\/wp-content\/uploads\/2018\/03\/preampgrau16-215x300.jpg 215w, https:\/\/www.ans-music.de\/wp-content\/uploads\/2018\/03\/preampgrau16.jpg 402w\" sizes=\"(max-width: 130px) 100vw, 130px\" \/><\/p>\n<p style=\"text-align: justify;\">Mit diesen Preamps k\u00f6nnen Sie den nat\u00fcrlichen Klang Ihres Streichinstruments mit der h\u00f6chsten Qualit\u00e4t verst\u00e4rken. Es gibt verschiedene Verst\u00e4rkungssysteme, die den maximalen Qualit\u00e4tsanspruh erf\u00fcllen. Die Kombination von Piezo Tonabnehmer, Mikrofon und Vorverst\u00e4rker erreicht\u00a0 sehr zufriedenstellende Ergebnisse in der Klangfarbe. <a href=\"https:\/\/www.ans-music.de\/index.php\/ans-preamp-one-passive-piezo-pickup\/\">weiterlesen<\/a>&#8230;<\/p>\n<p>&nbsp;<\/p>\n<\/div>\n<p>&nbsp;<\/p>\n<div class=\"entry-content\">\n<hr \/>\n<\/div>\n","protected":false},"excerpt":{"rendered":"<p>Acitve Pickups mit asymmetrischem Eingang ANS-Phantombox Die ANS-Phantombox liefert die Spannung f\u00fcr aktive Pickups, die die Phantomspeisung auf dem Ring eines Stereoklinkensteckers erwarten wie z.B. alle aktiven ANS-Pickup&#8217;s. Sie erm\u00f6glicht den Anschluss aktiver Pickup&#8217;s an <a class=\"more-link\" href=\"https:\/\/www.ans-music.de\/index.php\/ans-preamp-unbalanced\/\">weiterlesen&#8230;<\/a><\/p>\n","protected":false},"author":2,"featured_media":0,"parent":0,"menu_order":0,"comment_status":"closed","ping_status":"closed","template":"","meta":[],"_links":{"self":[{"href":"https:\/\/www.ans-music.de\/index.php\/wp-json\/wp\/v2\/pages\/87"}],"collection":[{"href":"https:\/\/www.ans-music.de\/index.php\/wp-json\/wp\/v2\/pages"}],"about":[{"href":"https:\/\/www.ans-music.de\/index.php\/wp-json\/wp\/v2\/types\/page"}],"author":[{"embeddable":true,"href":"https:\/\/www.ans-music.de\/index.php\/wp-json\/wp\/v2\/users\/2"}],"replies":[{"embeddable":true,"href":"https:\/\/www.ans-music.de\/index.php\/wp-json\/wp\/v2\/comments?post=87"}],"version-history":[{"count":29,"href":"https:\/\/www.ans-music.de\/index.php\/wp-json\/wp\/v2\/pages\/87\/revisions"}],"predecessor-version":[{"id":1620,"href":"https:\/\/www.ans-music.de\/index.php\/wp-json\/wp\/v2\/pages\/87\/revisions\/1620"}],"wp:attachment":[{"href":"https:\/\/www.ans-music.de\/index.php\/wp-json\/wp\/v2\/media?parent=87"}],"curies":[{"name":"wp","href":"https:\/\/api.w.org\/{rel}","templated":true}]}}