{"id":70,"date":"2018-03-04T19:59:28","date_gmt":"2018-03-04T19:59:28","guid":{"rendered":"http:\/\/www.ans-music.de\/?page_id=70"},"modified":"2018-04-10T13:59:39","modified_gmt":"2018-04-10T13:59:39","slug":"ans-doublebass-active","status":"publish","type":"page","link":"https:\/\/www.ans-music.de\/index.php\/ans-doublebass-active\/","title":{"rendered":"ANS-doublebass active"},"content":{"rendered":"<h6>Die asymmetrisch aktive Weiterentwicklung des bassbalsereit-Pickups.<\/h6>\n<p align=\"justify\">Durch den sehr kleinen Preamp im Stecker \/ Buchse des Pickups werden elektrische Einstreuungen vermieden. Der aktive Pickup erlaubt den verlustfreien Betrieb an Sendern und Instrumentalverst\u00e4rkern (Aktivboxen etc.) die eine zu geringe Eingangsimpedanz besitzen.Er klingt immer offen und transparent und liefert ein warmes Bassfundament mit einem leichten &#8222;Glitzern&#8220;. Dier Stromversorhgung erfolgt \u00fcber geeignete Verst\u00e4rker, Mischpulte oder unsere <a href=\"https:\/\/www.ans-music.de\/index.php\/ans-phantombox-acive-pickups\/\">Phantombox<\/a> bzw. die <a href=\"https:\/\/www.ans-music.de\/index.php\/ans-preamp-unbalanced-out\/ans-professional-di\/\">ANS-professional-DI<\/a>.<\/p>\n<p align=\"justify\">Die typischen Einsatzszenarien sind Professionals, Studio, Aufnahmen, kleine und gro\u00dfe B\u00fchnen. Durch die nahe Positionierung des Preamps am Pickup, werden Einbu\u00dfen an der Quelle eliminiert.<\/p>\n<ul>\n<li>Einbauanleitung deutsch\u00a0 <a href=\"https:\/\/www.ans-music.de\/wp-content\/uploads\/2018\/04\/einbauanleitung.pdf\" target=\"_blank\" rel=\"noopener\">download <\/a><\/li>\n<li>assembly instruction english\u00a0 <a href=\"https:\/\/www.ans-music.de\/wp-content\/uploads\/2018\/04\/einbauanleitung.pdf\" target=\"_blank\" rel=\"noopener\">download <\/a><\/li>\n<\/ul>\n<h4><u>Technische Daten:<\/u><\/h4>\n<h6><img decoding=\"async\" loading=\"lazy\" class=\"alignleft wp-image-1320 zoooom\" src=\"https:\/\/www.ans-music.de\/wp-content\/uploads\/2018\/03\/preampgrau1rot-300x290.jpg\" alt=\"\" width=\"250\" height=\"242\" srcset=\"https:\/\/www.ans-music.de\/wp-content\/uploads\/2018\/03\/preampgrau1rot-300x290.jpg 300w, https:\/\/www.ans-music.de\/wp-content\/uploads\/2018\/03\/preampgrau1rot.jpg 618w\" sizes=\"(max-width: 250px) 100vw, 250px\" \/>ANS-doublebass activ XLR<\/h6>\n<ul>\n<li>XLR-Stecker GND<\/li>\n<li>Masse auf Pin-1 Signal auf Pin-2<\/li>\n<li>Phantomspeisung auf Pin-3<\/li>\n<li>Signal \/ Rausch Abstand &lt; 80 db<\/li>\n<li>Anschluss: asymmetrischer Eingang mit Phantomspeisung +7V \u2264 +48V<\/li>\n<li>Ausgangspegel ca. -10 dB (Line-Pegel)<\/li>\n<li>BA download <a href=\"https:\/\/www.ans-music.de\/wp-content\/uploads\/2018\/04\/ans-activ03.pdf\">deutsch<\/a> englisch<\/li>\n<li>Preis: 339,00 \u20ac incl. 19% MWSt.<\/li>\n<li><a href=\"https:\/\/www.ans-music.de\/index.php\/zubehoer\/\">Zubeh\u00f6r<\/a><\/li>\n<li><a href=\"https:\/\/www.ans-music.de\/index.php\/bestellung-und-kontakt-ans-doublebass-activ-xlr\/\">Produkt bestellen<\/a><\/li>\n<\/ul>\n<p>&nbsp;<\/p>\n<h6><img decoding=\"async\" loading=\"lazy\" class=\"alignleft wp-image-1322 zoooom\" src=\"https:\/\/www.ans-music.de\/wp-content\/uploads\/2018\/03\/preampgraurot-300x286.jpg\" alt=\"\" width=\"250\" height=\"238\" srcset=\"https:\/\/www.ans-music.de\/wp-content\/uploads\/2018\/03\/preampgraurot-300x286.jpg 300w, https:\/\/www.ans-music.de\/wp-content\/uploads\/2018\/03\/preampgraurot.jpg 627w\" sizes=\"(max-width: 250px) 100vw, 250px\" \/>ANS-doublebass activ Klinke<\/h6>\n<ul>\n<li>Klinkenbuchse GND<\/li>\n<li>Masse auf Shield, Signal auf Spitze<\/li>\n<li>Phantomspeisung auf dem Ring der Stereoklinke<\/li>\n<li>Signal \/ Rausch Abstand &lt; 80 db<\/li>\n<li>Anschluss: asymmetrischer Eingang mit Phantomspeisung +7V \u2264 +48V<\/li>\n<li>Ausgangspegel ca. -10 dB (Line-Pegel)<\/li>\n<li>BA download <a href=\"https:\/\/www.ans-music.de\/wp-content\/uploads\/2018\/04\/ans-activ03.pdf\">deutsch<\/a> englisch<\/li>\n<li>Preis: 339,00 \u20ac incl. 19% MWSt.<\/li>\n<li><a href=\"https:\/\/www.ans-music.de\/index.php\/zubehoer\/\">Zubeh\u00f6r<\/a><\/li>\n<li><a href=\"https:\/\/www.ans-music.de\/index.php\/bestellung-und-kontakt-ans-doublebass-activ-klinke\/\">Produkt bestellen<\/a><\/li>\n<\/ul>\n","protected":false},"excerpt":{"rendered":"<p>Die asymmetrisch aktive Weiterentwicklung des bassbalsereit-Pickups. Durch den sehr kleinen Preamp im Stecker \/ Buchse des Pickups werden elektrische Einstreuungen vermieden. Der aktive Pickup erlaubt den verlustfreien Betrieb an Sendern und Instrumentalverst\u00e4rkern (Aktivboxen etc.) die <a class=\"more-link\" href=\"https:\/\/www.ans-music.de\/index.php\/ans-doublebass-active\/\">weiterlesen&#8230;<\/a><\/p>\n","protected":false},"author":2,"featured_media":0,"parent":0,"menu_order":0,"comment_status":"closed","ping_status":"closed","template":"","meta":[],"_links":{"self":[{"href":"https:\/\/www.ans-music.de\/index.php\/wp-json\/wp\/v2\/pages\/70"}],"collection":[{"href":"https:\/\/www.ans-music.de\/index.php\/wp-json\/wp\/v2\/pages"}],"about":[{"href":"https:\/\/www.ans-music.de\/index.php\/wp-json\/wp\/v2\/types\/page"}],"author":[{"embeddable":true,"href":"https:\/\/www.ans-music.de\/index.php\/wp-json\/wp\/v2\/users\/2"}],"replies":[{"embeddable":true,"href":"https:\/\/www.ans-music.de\/index.php\/wp-json\/wp\/v2\/comments?post=70"}],"version-history":[{"count":33,"href":"https:\/\/www.ans-music.de\/index.php\/wp-json\/wp\/v2\/pages\/70\/revisions"}],"predecessor-version":[{"id":1928,"href":"https:\/\/www.ans-music.de\/index.php\/wp-json\/wp\/v2\/pages\/70\/revisions\/1928"}],"wp:attachment":[{"href":"https:\/\/www.ans-music.de\/index.php\/wp-json\/wp\/v2\/media?parent=70"}],"curies":[{"name":"wp","href":"https:\/\/api.w.org\/{rel}","templated":true}]}}