{"id":69,"date":"2018-03-04T19:59:28","date_gmt":"2018-03-04T19:59:28","guid":{"rendered":"http:\/\/www.ans-music.de\/?page_id=69"},"modified":"2018-04-10T13:31:18","modified_gmt":"2018-04-10T13:31:18","slug":"kontrabass","status":"publish","type":"page","link":"https:\/\/www.ans-music.de\/index.php\/kontrabass\/","title":{"rendered":"Kontrabass"},"content":{"rendered":"<h5><img decoding=\"async\" loading=\"lazy\" class=\"alignnone wp-image-444 size-full\" src=\"..\/wp-content\/uploads\/2018\/03\/kontrabassleiste.jpg\" alt=\"\" width=\"5370\" height=\"1732\" srcset=\"https:\/\/www.ans-music.de\/wp-content\/uploads\/2018\/03\/kontrabassleiste.jpg 5370w, https:\/\/www.ans-music.de\/wp-content\/uploads\/2018\/03\/kontrabassleiste-300x97.jpg 300w, https:\/\/www.ans-music.de\/wp-content\/uploads\/2018\/03\/kontrabassleiste-768x248.jpg 768w, https:\/\/www.ans-music.de\/wp-content\/uploads\/2018\/03\/kontrabassleiste-1024x330.jpg 1024w\" sizes=\"(max-width: 5370px) 100vw, 5370px\" \/><br \/>\n<strong>Professionelle Tonabnehmersysteme f\u00fcr Kontrabass<\/strong><\/h5>\n<p align=\"justify\">Mit dem Lautst\u00e4rkepegel einer Band mithalten m\u00fcssen, stellt f\u00fcr Kontrabassisten heutzutage keine gro\u00dfe technische Herausforderung mehr dar. Tonabnehmer- und Verst\u00e4rkersysteme sind ein g\u00e4ngiges Hilfsmittel hierf\u00fcr. Trotzdem ist die elektrische Verst\u00e4rkung eines Kontrabass alles andere als einfach und erfordert feinste Abstimmungen der Tonsignale mit einer m\u00f6glichst unkomplizierten Handhabung, um die Klantreue des komplexen, akustisch starken Instruments beizubehalten.<\/p>\n<p align=\"justify\">Sie h\u00f6ren eine Klangprobe von Pascal Niggenkemper Trio.\u00a0 &#8218;po\u00e8me dans l&#8217;obscurit\u00e9&#8216; \u00a0 CD urban creatures. Die Aufnahme wurde mit den ANS-studio-II gemacht &#8230;<\/p>\n<!--[if lt IE 9]><script>document.createElement('audio');<\/script><![endif]-->\n<audio class=\"wp-audio-shortcode\" id=\"audio-69-1\" preload=\"none\" style=\"width: 100%;\" controls=\"controls\"><source type=\"audio\/mpeg\" src=\"http:\/\/ans-music.de\/audio\/Titel.mp3?_=1\" \/><a href=\"http:\/\/ans-music.de\/audio\/Titel.mp3\">http:\/\/ans-music.de\/audio\/Titel.mp3<\/a><\/audio>\n<p><strong>Professionals &#8211; Semiprofessionals &#8211; kleine B\u00fchnen<\/strong><\/p>\n<p align=\"justify\"><a href=\"..\/index.php\/bassbalsereit\/\"><img decoding=\"async\" loading=\"lazy\" class=\"zoooom alignleft wp-image-1351\" src=\"https:\/\/www.ans-music.de\/wp-content\/uploads\/2018\/03\/preampgrau11-300x221.jpg\" alt=\"\" width=\"180\" height=\"133\" srcset=\"https:\/\/www.ans-music.de\/wp-content\/uploads\/2018\/03\/preampgrau11-300x221.jpg 300w, https:\/\/www.ans-music.de\/wp-content\/uploads\/2018\/03\/preampgrau11-768x567.jpg 768w, https:\/\/www.ans-music.de\/wp-content\/uploads\/2018\/03\/preampgrau11.jpg 810w\" sizes=\"(max-width: 180px) 100vw, 180px\" \/>bassbalsereit XLR <\/a>und\u00a0<a href=\"..\/index.php\/bassbalsereit\/\">bassbalsereit Klinke<\/a> zeichnen sich durch die sehr geringe Exemplarstreuung aus, die mit deutlich verbesserten mechanischen Eigenschaften und h\u00f6herwertigem Endergebnis definiert ist.\u00a0 Die Pickups sind nur mit entsprechender Vorstufe oder Instrumentalverst\u00e4rker anwendbar. Alle Ausf\u00fchrungen werden in hochwertigem, gut ausgepolsterten Kunststoffkoffern geliefert.<\/p>\n<hr \/>\n<p><strong>Semiprofessionals &#8211; kleine B\u00fchnen &#8211;\u00a0 Demo-Aufnahmen<\/strong><\/p>\n<p align=\"justify\"><a href=\"..\/index.php\/ans-doublebass-active\/\"><img decoding=\"async\" loading=\"lazy\" class=\"zoooom alignleft wp-image-1354\" src=\"https:\/\/www.ans-music.de\/wp-content\/uploads\/2018\/03\/preampgrau13-300x221.jpg\" alt=\"\" width=\"180\" height=\"133\" srcset=\"https:\/\/www.ans-music.de\/wp-content\/uploads\/2018\/03\/preampgrau13-300x221.jpg 300w, https:\/\/www.ans-music.de\/wp-content\/uploads\/2018\/03\/preampgrau13-768x567.jpg 768w, https:\/\/www.ans-music.de\/wp-content\/uploads\/2018\/03\/preampgrau13.jpg 810w\" sizes=\"(max-width: 180px) 100vw, 180px\" \/>ANS doublebass aktiv Klinke<\/a> und\u00a0<a href=\"..\/index.php\/ans-doublebass-active\/\">ANS doublebass aktiv XLR<\/a> sind weiterentwickelte aktive Varianten des <a href=\"..\/index.php\/bassbalsereit\/\">bassbalsereit XLR<\/a>&#8211; und \u00a0<a href=\"..\/index.php\/bassbalsereit\/\">bassbalsereit Klinke.<\/a> Sie ben\u00f6tigen Phantomspeisung. Die Pickups sind sowohl f\u00fcr asymmetrische (unbalanced) wie f\u00fcr symmetrische (balanced) Eing\u00e4nge mit Phantomspeisung anwendbar.\u00a0 Alle Ausf\u00fchrungen werden in hochwertigem, gut ausgepolsterten Kunststoffkoffern geliefert.<\/p>\n<hr \/>\n<p><strong>Professionals &#8211; kleine und gro\u00dfe B\u00fchnen &#8211; Studio-Aufnahmen<\/strong><\/p>\n<p align=\"justify\"><img decoding=\"async\" loading=\"lazy\" class=\"zoooom alignleft wp-image-1352\" src=\"https:\/\/www.ans-music.de\/wp-content\/uploads\/2018\/03\/preampgrau12-300x224.jpg\" alt=\"\" width=\"180\" height=\"135\" srcset=\"https:\/\/www.ans-music.de\/wp-content\/uploads\/2018\/03\/preampgrau12-300x224.jpg 300w, https:\/\/www.ans-music.de\/wp-content\/uploads\/2018\/03\/preampgrau12-768x574.jpg 768w, https:\/\/www.ans-music.de\/wp-content\/uploads\/2018\/03\/preampgrau12.jpg 800w\" sizes=\"(max-width: 180px) 100vw, 180px\" \/>Die <a href=\"..\/index.php\/ans-doublebass-studio\/\">ANS doubkebass studio I II III<\/a> sind die konsequente Fortf\u00fchrung der aktivern ANS-doublebass Linie Sie liefern ein vollsymmetrische Signal \u00e4hnlich einem Mikrofon und ben\u00f6tigen +48V Phantomspeisung. Die extrem mikrofon\u00e4hnliche, ausgewogene Abbilung des Klangs ist die un\u00fcbertroffenen St\u00e4rke dieses Tonabnehmers. Ihr Instrument wird impulstreu wiedergegeben, straffe organische B\u00e4sse mischen sich mit transparenten differenzierten Mitten und H\u00f6hen. Alle Ausf\u00fchrungen werden im hochwertigen Kunststoffkoffern geliefert.<\/p>\n<hr \/>\n<p><strong>Professionals &#8211; kleine und gro\u00dfe B\u00fchnen &#8211; Studio-Aufnahmen<\/strong><\/p>\n<p align=\"justify\">\n","protected":false},"excerpt":{"rendered":"<p>Professionelle Tonabnehmersysteme f\u00fcr Kontrabass Mit dem Lautst\u00e4rkepegel einer Band mithalten m\u00fcssen, stellt f\u00fcr Kontrabassisten heutzutage keine gro\u00dfe technische Herausforderung mehr dar. Tonabnehmer- und Verst\u00e4rkersysteme sind ein g\u00e4ngiges Hilfsmittel hierf\u00fcr. Trotzdem ist die elektrische Verst\u00e4rkung eines <a class=\"more-link\" href=\"https:\/\/www.ans-music.de\/index.php\/kontrabass\/\">weiterlesen&#8230;<\/a><\/p>\n","protected":false},"author":2,"featured_media":0,"parent":0,"menu_order":0,"comment_status":"closed","ping_status":"closed","template":"","meta":[],"_links":{"self":[{"href":"https:\/\/www.ans-music.de\/index.php\/wp-json\/wp\/v2\/pages\/69"}],"collection":[{"href":"https:\/\/www.ans-music.de\/index.php\/wp-json\/wp\/v2\/pages"}],"about":[{"href":"https:\/\/www.ans-music.de\/index.php\/wp-json\/wp\/v2\/types\/page"}],"author":[{"embeddable":true,"href":"https:\/\/www.ans-music.de\/index.php\/wp-json\/wp\/v2\/users\/2"}],"replies":[{"embeddable":true,"href":"https:\/\/www.ans-music.de\/index.php\/wp-json\/wp\/v2\/comments?post=69"}],"version-history":[{"count":63,"href":"https:\/\/www.ans-music.de\/index.php\/wp-json\/wp\/v2\/pages\/69\/revisions"}],"predecessor-version":[{"id":1927,"href":"https:\/\/www.ans-music.de\/index.php\/wp-json\/wp\/v2\/pages\/69\/revisions\/1927"}],"wp:attachment":[{"href":"https:\/\/www.ans-music.de\/index.php\/wp-json\/wp\/v2\/media?parent=69"}],"curies":[{"name":"wp","href":"https:\/\/api.w.org\/{rel}","templated":true}]}}