{"id":67,"date":"2018-03-04T19:59:28","date_gmt":"2018-03-04T19:59:28","guid":{"rendered":"http:\/\/www.ans-music.de\/?page_id=67"},"modified":"2018-04-09T17:36:51","modified_gmt":"2018-04-09T17:36:51","slug":"amplifier","status":"publish","type":"page","link":"https:\/\/www.ans-music.de\/index.php\/amplifier\/","title":{"rendered":"Amplifier"},"content":{"rendered":"<h5>Gute Bassverst\u00e4rker sind gro\u00df und schwer &#8211; oder?<\/h5>\n<p style=\"text-align: justify;\">Digitale Endstufen und Schaltnetzteile scheinen in Verbindung mit kleinen Lautsprechern die L\u00f6sung zu sein. Auf jeden Fall werden sie dadurch kleiner und leichter. <strong>Auf der Strecke bleiben dadurch allerdings Impuls- und verf\u00e4rbungsfreie Klangtreue<\/strong>.<\/p>\n<p style=\"text-align: justify;\"><strong>realbass<\/strong>-AMP&#8217;s folgen diesem aktuellen Kompromiss nicht. Sie sind komplett analog konzipiert, haben anloge FET- Vor- und -Endstufen, konventionelle Netzteile mit \u00fcberdimensionierten Ringkerntramsformatoren &#8211; <strong>und sind trotzdem leicht!<\/strong> Bei der Entwicklung wurde besonderes Augenmerk auf das Gewicht gelegt, ohne klangliche Kompromisse. <strong>realbass<\/strong>-AMP&#8217;s eignen sich f\u00fcr Kontrabass und E-Bass gleicherma\u00dfen hervorragend. Es gibt sie ein- und zweikanalig, als <a href=\"https:\/\/www.ans-music.de\/index.php\/realbass-duo-selection\/\">Combo<\/a> oder <a href=\"https:\/\/www.ans-music.de\/index.php\/topteile-heads\/\">Topteil<\/a>. Lassen Sie sich \u00fcberraschen.<\/p>\n<p>&nbsp;<\/p>\n","protected":false},"excerpt":{"rendered":"<p>Gute Bassverst\u00e4rker sind gro\u00df und schwer &#8211; oder? Digitale Endstufen und Schaltnetzteile scheinen in Verbindung mit kleinen Lautsprechern die L\u00f6sung zu sein. Auf jeden Fall werden sie dadurch kleiner und leichter. Auf der Strecke bleiben <a class=\"more-link\" href=\"https:\/\/www.ans-music.de\/index.php\/amplifier\/\">weiterlesen&#8230;<\/a><\/p>\n","protected":false},"author":2,"featured_media":1388,"parent":0,"menu_order":0,"comment_status":"closed","ping_status":"closed","template":"","meta":[],"_links":{"self":[{"href":"https:\/\/www.ans-music.de\/index.php\/wp-json\/wp\/v2\/pages\/67"}],"collection":[{"href":"https:\/\/www.ans-music.de\/index.php\/wp-json\/wp\/v2\/pages"}],"about":[{"href":"https:\/\/www.ans-music.de\/index.php\/wp-json\/wp\/v2\/types\/page"}],"author":[{"embeddable":true,"href":"https:\/\/www.ans-music.de\/index.php\/wp-json\/wp\/v2\/users\/2"}],"replies":[{"embeddable":true,"href":"https:\/\/www.ans-music.de\/index.php\/wp-json\/wp\/v2\/comments?post=67"}],"version-history":[{"count":28,"href":"https:\/\/www.ans-music.de\/index.php\/wp-json\/wp\/v2\/pages\/67\/revisions"}],"predecessor-version":[{"id":1871,"href":"https:\/\/www.ans-music.de\/index.php\/wp-json\/wp\/v2\/pages\/67\/revisions\/1871"}],"wp:featuredmedia":[{"embeddable":true,"href":"https:\/\/www.ans-music.de\/index.php\/wp-json\/wp\/v2\/media\/1388"}],"wp:attachment":[{"href":"https:\/\/www.ans-music.de\/index.php\/wp-json\/wp\/v2\/media?parent=67"}],"curies":[{"name":"wp","href":"https:\/\/api.w.org\/{rel}","templated":true}]}}