{"id":44,"date":"2018-03-04T19:34:50","date_gmt":"2018-03-04T19:34:50","guid":{"rendered":"http:\/\/www.ans-music.de\/?page_id=44"},"modified":"2018-09-10T11:13:58","modified_gmt":"2018-09-10T11:13:58","slug":"startseite","status":"publish","type":"page","link":"https:\/\/www.ans-music.de\/","title":{"rendered":""},"content":{"rendered":"<div class=\"textbox animated bounceInRight\">\n<p align=\"justify\"><img decoding=\"async\" loading=\"lazy\" class=\"alignleft wp-image-206\" src=\"https:\/\/www.ans-music.de\/wp-content\/uploads\/2018\/03\/ans_wortmarke-hi-1-300x138.png\" alt=\"\" width=\"200\" height=\"92\" \/><strong>Made in germany..<\/strong>.Design und Engineering s\u00e4mtlicher ANS-Produkte, stammen aus Deutschland. Alle Komponenten werden ohne Ausnahme nach h\u00f6chsten Qualit\u00e4tsanspr\u00fcchen von inl\u00e4ndischen Partnern angefertigt. Dies erlaubt, Ideen konsequent, nachhaltig, schnell und effizient umzusetzen. Die Produkte der gesamten ANS-Linie folgen dieser Philosophie. Wirtschaftliche Faktoren ordnen sich in Konstruktion und Produktion, dem \u201eunverf\u00e4lschten Klang\u201c unter.\u00a0 Mein Ziel ist, Ger\u00e4te von Musikern f\u00fcr Musiker zu entwickeln. Meine Innovationen resultieren aus eigener 45-j\u00e4hriger Spielpraxis auf gro\u00dfen und kleinen B\u00fchnen, in unterschiedlichsten Besetzungen und Musikrichtungen. Hinzu kommt eine ebenso lange Erfahrung und Begeisterung f\u00fcr Elektronik. Tauchen Sie ein, in den ABSOLUTE NATURAL SOUND.<\/p>\n<p align=\"justify\">Michael Sch\u00e4fer, P\u00fcttlingen\u00a0 2018<\/p>\n<div class=\"n2-code n2-ss-slider-shortcode-id\">\n<p style=\"text-align: left;\"><\/p>\n<p>&nbsp;<\/p>\n<p><img decoding=\"async\" loading=\"lazy\" class=\"zoooom aligncenter wp-image-1575\" src=\"https:\/\/www.ans-music.de\/wp-content\/uploads\/2018\/04\/manufakturgrau-300x68.jpg\" alt=\"Pickups, Preamps, Kontrabass, bassbalsereit, ANS-MUSIC, Tonabnehmer, ANS, ans, Sch\u00e4fer, Michael, P\u00fcttlingen, Amplifier, Amps, Realbass, combo, Top, Topteile, Heads, Micro, DI, DI-box, Box, Mute, Fu\u00dfschalter, 112\/5, 210, 210H, Verst\u00e4rker, Boxen, Lautsprecher, Ohm, Signal, Klang, Instrument, Streichinstrument, Geige, Cello, Bratsche, Darut, Gitarre, Pickup, Micro-Di, Professional, Phantom, Phantombox, asymmetrisch, symmetrisch, balanced, unbalanced, passiv, activ, aktiv, \" width=\"1798\" height=\"410\" srcset=\"https:\/\/www.ans-music.de\/wp-content\/uploads\/2018\/04\/manufakturgrau-300x68.jpg 300w, https:\/\/www.ans-music.de\/wp-content\/uploads\/2018\/04\/manufakturgrau-768x175.jpg 768w, https:\/\/www.ans-music.de\/wp-content\/uploads\/2018\/04\/manufakturgrau-1024x233.jpg 1024w, https:\/\/www.ans-music.de\/wp-content\/uploads\/2018\/04\/manufakturgrau.jpg 1842w\" sizes=\"(max-width: 1798px) 100vw, 1798px\" \/><\/p>\n<p>&nbsp;<\/p>\n<p><iframe loading=\"lazy\" width=\"560\" height=\"315\" src=\"https:\/\/www.youtube-nocookie.com\/embed\/g6NKreu9kFM?rel=0\" frameborder=\"0\" allow=\"autoplay; encrypted-media\" allowfullscreen><\/iframe>\n<\/div>\n<\/div>\n","protected":false},"excerpt":{"rendered":"<p>Made in germany&#8230;Design und Engineering s\u00e4mtlicher ANS-Produkte, stammen aus Deutschland. Alle Komponenten werden ohne Ausnahme nach h\u00f6chsten Qualit\u00e4tsanspr\u00fcchen von inl\u00e4ndischen Partnern angefertigt. Dies erlaubt, Ideen konsequent, nachhaltig, schnell und effizient umzusetzen. Die Produkte der gesamten <a class=\"more-link\" href=\"https:\/\/www.ans-music.de\/\">weiterlesen&#8230;<\/a><\/p>\n","protected":false},"author":2,"featured_media":0,"parent":0,"menu_order":0,"comment_status":"closed","ping_status":"closed","template":"","meta":[],"_links":{"self":[{"href":"https:\/\/www.ans-music.de\/index.php\/wp-json\/wp\/v2\/pages\/44"}],"collection":[{"href":"https:\/\/www.ans-music.de\/index.php\/wp-json\/wp\/v2\/pages"}],"about":[{"href":"https:\/\/www.ans-music.de\/index.php\/wp-json\/wp\/v2\/types\/page"}],"author":[{"embeddable":true,"href":"https:\/\/www.ans-music.de\/index.php\/wp-json\/wp\/v2\/users\/2"}],"replies":[{"embeddable":true,"href":"https:\/\/www.ans-music.de\/index.php\/wp-json\/wp\/v2\/comments?post=44"}],"version-history":[{"count":37,"href":"https:\/\/www.ans-music.de\/index.php\/wp-json\/wp\/v2\/pages\/44\/revisions"}],"predecessor-version":[{"id":2013,"href":"https:\/\/www.ans-music.de\/index.php\/wp-json\/wp\/v2\/pages\/44\/revisions\/2013"}],"wp:attachment":[{"href":"https:\/\/www.ans-music.de\/index.php\/wp-json\/wp\/v2\/media?parent=44"}],"curies":[{"name":"wp","href":"https:\/\/api.w.org\/{rel}","templated":true}]}}