{"id":250,"date":"2018-03-07T19:10:40","date_gmt":"2018-03-07T19:10:40","guid":{"rendered":"http:\/\/www.ans-music.de\/?page_id=250"},"modified":"2018-09-13T09:20:38","modified_gmt":"2018-09-13T09:20:38","slug":"ans-realbass-112-5","status":"publish","type":"page","link":"https:\/\/www.ans-music.de\/index.php\/ans-realbass-112-5\/","title":{"rendered":"ANS realbass 112\/5"},"content":{"rendered":"<p style=\"text-align: justify;\">Ein 12&#8217;er und ein 5&#8217;er &#8211; beides Hochleistungslautsprecher mit extremer Leistung (900 W RMS, 200 W RMS), sind nur schwer an ihre Grenzen zu treiben. Sie bieten extremen Headroom, vor allem bei Impulsen &#8211; das Geheimnis guten Sounds bei akustischen Instrumenten und E-B\u00e4ssen. Die sehr tiefe Grenzfrequenz, bietet selbst bei einem tiefen &#8222;H&#8220; noch fetten \u00fcberzeugenden Druck. Der in sechs Stufen zuschaltbare 5&#8243;er arbeitet bis 15 Khz und deckt die relevanten H\u00f6hen und den oberen und unteren Mittenbereich locker und luftig ab. Die gew\u00e4hlte Eckfrequenz und die flache Ankopplung im tiefen Mittenbereich, zeichnen ohne wahrnehmbare \u00dcbernahme ein druckvolles, feines und ausgewogenes Bild Ihrer Instrumente bei jeder sinnvollen Lautst\u00e4rke. Sie kann problemlos als zweiter Lautsprecher an den realbass-Combo angeschlossen werden. Das Konzept geht auf und Sie sollten sich dieses Vergn\u00fcgen nicht entgehen lassen. Wie ihre &#8222;Geschwister&#8220; (210 und 210\/H) profitiert sie von unserem neuen patentierten Griffsystem mit vier gut erreichbaren Griffen an den Ecken, die gleichzeitig einen wirklichen Kantenschutz darstellen. Die beiden parallelen Speakon-Anschl\u00fcsse befinden sich in auf der R\u00fcckseite mit dem Drehschalter f\u00fcr den Hocht\u00f6ner in einer versenkten Griffschale.<\/p>\n\n<div class=\"n2-code n2-ss-slider-shortcode-id\" style=\"text-align: left;\">\n<h4><u>Technische Daten:<\/u><\/h4>\n\n<table id=\"tablepress-5\" class=\"tablepress tablepress-id-5\">\n<tbody>\n<tr class=\"row-1\">\n\t<td class=\"column-1\">  - Bassreflexbox, passiv<br \/>\n  - 2 Hochleistungslautsprecher (12\u2033 und 5\u2033)<br \/>\n  - 900 W RMS<br \/>\n  - Grenzfrequenz < 40Hz .. 15 KHz<br \/>\n  - Impendanz 4\u03a9 \/ 8\u03a9 erh\u00e4ltlich<br \/>\n  - 6 stufig schaltbare Frequenzweiche<br \/>\n     <\/td><td class=\"column-2\">  - Gewicht 14,5 Kg<br \/>\n  - Masse (HxBxT) 61 x 48 x 38,5 cm<br \/>\n  - 2 x Speakon<br \/>\n  - 4 Edelstahlgriffe<br \/>\n  - 8 Gummif\u00fcsse (an 2 Seiten)<br \/>\n<\/td>\n<\/tr>\n<\/tbody>\n<\/table>\n<!-- #tablepress-5 from cache -->\n<\/div>\n<div class=\"entry-content\">\n<h6>Preis: 1395,00 \u20ac incl. 19% MWSt.<br \/>\nDownload BA<br \/>\n<a href=\"https:\/\/www.ans-music.de\/index.php\/zubehoer\/\">Zubeh\u00f6r<\/a><br \/>\n<a href=\"https:\/\/www.ans-music.de\/index.php\/bestellung-und-kontakt-ans-realbass-112-5\/\">Produkt bestellen<\/a><\/h6>\n<\/div>\n","protected":false},"excerpt":{"rendered":"<p>Ein 12&#8217;er und ein 5&#8217;er &#8211; beides Hochleistungslautsprecher mit extremer Leistung (900 W RMS, 200 W RMS), sind nur schwer an ihre Grenzen zu treiben. Sie bieten extremen Headroom, vor allem bei Impulsen &#8211; das <a class=\"more-link\" href=\"https:\/\/www.ans-music.de\/index.php\/ans-realbass-112-5\/\">weiterlesen&#8230;<\/a><\/p>\n","protected":false},"author":2,"featured_media":0,"parent":0,"menu_order":0,"comment_status":"closed","ping_status":"closed","template":"","meta":[],"_links":{"self":[{"href":"https:\/\/www.ans-music.de\/index.php\/wp-json\/wp\/v2\/pages\/250"}],"collection":[{"href":"https:\/\/www.ans-music.de\/index.php\/wp-json\/wp\/v2\/pages"}],"about":[{"href":"https:\/\/www.ans-music.de\/index.php\/wp-json\/wp\/v2\/types\/page"}],"author":[{"embeddable":true,"href":"https:\/\/www.ans-music.de\/index.php\/wp-json\/wp\/v2\/users\/2"}],"replies":[{"embeddable":true,"href":"https:\/\/www.ans-music.de\/index.php\/wp-json\/wp\/v2\/comments?post=250"}],"version-history":[{"count":29,"href":"https:\/\/www.ans-music.de\/index.php\/wp-json\/wp\/v2\/pages\/250\/revisions"}],"predecessor-version":[{"id":2022,"href":"https:\/\/www.ans-music.de\/index.php\/wp-json\/wp\/v2\/pages\/250\/revisions\/2022"}],"wp:attachment":[{"href":"https:\/\/www.ans-music.de\/index.php\/wp-json\/wp\/v2\/media?parent=250"}],"curies":[{"name":"wp","href":"https:\/\/api.w.org\/{rel}","templated":true}]}}