{"id":241,"date":"2018-03-07T19:10:40","date_gmt":"2018-03-07T19:10:40","guid":{"rendered":"http:\/\/www.ans-music.de\/?page_id=241"},"modified":"2018-04-16T09:24:34","modified_gmt":"2018-04-16T09:24:34","slug":"topteile-heads","status":"publish","type":"page","link":"https:\/\/www.ans-music.de\/index.php\/topteile-heads\/","title":{"rendered":"Topteile\/Heads"},"content":{"rendered":"<h6>SOLO TOP<\/h6>\n<p style=\"text-align: justify;\"><img decoding=\"async\" loading=\"lazy\" class=\"alignleft wp-image-1427 zoooom\" src=\"https:\/\/www.ans-music.de\/wp-content\/uploads\/2018\/03\/head1-300x134.jpg\" alt=\"\" width=\"309\" height=\"138\" srcset=\"https:\/\/www.ans-music.de\/wp-content\/uploads\/2018\/03\/head1-300x134.jpg 300w, https:\/\/www.ans-music.de\/wp-content\/uploads\/2018\/03\/head1-768x342.jpg 768w, https:\/\/www.ans-music.de\/wp-content\/uploads\/2018\/03\/head1-1024x456.jpg 1024w, https:\/\/www.ans-music.de\/wp-content\/uploads\/2018\/03\/head1.jpg 1342w\" sizes=\"(max-width: 309px) 100vw, 309px\" \/><\/p>\n<p align=\"justify\">Die logische Weiterf\u00fchrung der beiden Combos hei\u00dft SOLO TOP. Die Verst\u00e4rkereinheiten der beiden Combos sind auch als Head&#8217;s (Topteile) ein echtes Highlight. Das analoge Konzept taugt eben doch &#8230;<\/p>\n<p align=\"justify\">Auch diese beiden Ger\u00e4te stechen durch extreme Schnelligkeit und Impulstreue hervor und spielen ihre St\u00e4rken bei solistischen Stilistiken mit ihrer gro\u00dfen Dynamik aus. <a href=\"https:\/\/www.ans-music.de\/index.php\/realbass-solo-duo-feat\/\">mehr&#8230;<\/a><\/p>\n<p style=\"text-align: justify;\">\n","protected":false},"excerpt":{"rendered":"<p>SOLO TOP Die logische Weiterf\u00fchrung der beiden Combos hei\u00dft SOLO TOP. Die Verst\u00e4rkereinheiten der beiden Combos sind auch als Head&#8217;s (Topteile) ein echtes Highlight. Das analoge Konzept taugt eben doch &#8230; Auch diese beiden Ger\u00e4te <a class=\"more-link\" href=\"https:\/\/www.ans-music.de\/index.php\/topteile-heads\/\">weiterlesen&#8230;<\/a><\/p>\n","protected":false},"author":2,"featured_media":0,"parent":0,"menu_order":0,"comment_status":"closed","ping_status":"closed","template":"","meta":[],"_links":{"self":[{"href":"https:\/\/www.ans-music.de\/index.php\/wp-json\/wp\/v2\/pages\/241"}],"collection":[{"href":"https:\/\/www.ans-music.de\/index.php\/wp-json\/wp\/v2\/pages"}],"about":[{"href":"https:\/\/www.ans-music.de\/index.php\/wp-json\/wp\/v2\/types\/page"}],"author":[{"embeddable":true,"href":"https:\/\/www.ans-music.de\/index.php\/wp-json\/wp\/v2\/users\/2"}],"replies":[{"embeddable":true,"href":"https:\/\/www.ans-music.de\/index.php\/wp-json\/wp\/v2\/comments?post=241"}],"version-history":[{"count":14,"href":"https:\/\/www.ans-music.de\/index.php\/wp-json\/wp\/v2\/pages\/241\/revisions"}],"predecessor-version":[{"id":1995,"href":"https:\/\/www.ans-music.de\/index.php\/wp-json\/wp\/v2\/pages\/241\/revisions\/1995"}],"wp:attachment":[{"href":"https:\/\/www.ans-music.de\/index.php\/wp-json\/wp\/v2\/media?parent=241"}],"curies":[{"name":"wp","href":"https:\/\/api.w.org\/{rel}","templated":true}]}}